.
9
Let r(j) = 2*j + 2. Let x be r(1). Suppose 0*o = o + 3*h - 17, -5*h + 47 = x*o. Calculate the highest common factor of 1 and o.
1
Let d be -2 + (-2)/1 + 9. Suppose d*y = -5*s + 3 + 47, -y = 4. What is the greatest common divisor of 98 and s?
14
Suppose 0*q + z = 4*q - 1581, 6 = 2*z. Calculate the highest common divisor of 22 and q.
22
Let h(w) = w**3 - 5*w**2 - 26*w + 17. Let n be h(8). Let t be -56 + 56 + 27 + 1/n. Calculate the greatest common divisor of 112 and t.
28
Suppose -31*f + 6215 = 2092. What is the highest common factor of 28 and f?
7
Let w be (0 - -25) + -8 + 7. Let j = w + -17. Suppose -j + 5 = -2*u. What is the highest common factor of u and 7?
1
Suppose -2*x = x - 9. Suppose x*h - v - 29 = 0, h + 2*v = 2*h - 18. Suppose m - 59 + 47 = 0. Calculate the highest common divisor of m and h.
4
Let h be (120/(-50))/((-2)/55). Calculate the highest common factor of h and 48.
6
Suppose 3680 = 23*u + 23*u. Calculate the greatest common divisor of 200 and u.
40
Let p(v) = -4*v**2 - 81*v - 23. Let j be p(-19). What is the highest common factor of j and 108?
36
Let j be -1 - -1*8*2. Let c be ((-2)/(-2) - -3) + -12. Let q be ((-10)/c)/(1/36). Calculate the highest common factor of q and j.
15
Let j = -1047 + 1050. What is the highest common factor of j and 333?
3
Suppose 728*f - 725*f - 9 = 0. Suppose a = 4*g - 31, 0*a + 21 = 3*g - 3*a. What is the highest common divisor of g and f?
1
Let v = 156 - 107. Let q = 71 - v. What is the highest common divisor of q and 22?
22
Let n be (6/(-5))/((-2)/40). Suppose o + 6*k = 9*k + 18, -4*k = 16. What is the highest common factor of n and o?
6
Let z = -185 - -383. What is the greatest common factor of z and 22?
22
Let n be (1833*4)/4 + 3. Let o be (14/(-4) + 1)*n/(-135). Calculate the highest common divisor of o and 374.
34
Let z be (2 - 3) + (1 - 216). Let i = -95 - z. What is the highest common factor of 22 and i?
11
Suppose -j = j - t - 28, j - 5*t - 32 = 0. Calculate the highest common divisor of 192 and j.
12
Let d = -29 - -22. Let n = 2 - d. Let q(a) = -2*a**2 - 10*a - 7. Let z be q(-4). What is the highest common divisor of z and n?
1
Suppose 12*p - 171 = 261. Calculate the highest common factor of 18 and p.
18
Let p = -322 + 422. Let y(h) = -22*h - 1. Let z be y(-3). Suppose -c = 25 - z. Calculate the greatest common divisor of p and c.
20
Let w be (176/(-24) + 7)/((-1)/84). Calculate the highest common divisor of 1484 and w.
28
Let p be ((-5)/(-4))/(28/448). Suppose -4*k - 60 = -4*o, -3*o + k + 45 = -0*k. What is the highest common divisor of p and o?
5
Suppose -k - 25 = 4*k. Let v(o) be the third derivative of o**5/20 + o**4/24 + o**3/3 + 6*o**2. Let b be v(k). What is the highest common factor of 8 and b?
8
Suppose 3*o + 3*y - 5*y - 172 = 0, 4*y - 196 = -4*o. Let z = 10 + -4. Let l be 207/o - (-1)/z. Calculate the greatest common divisor of 32 and l.
4
Let k = 1 - -8. Let y(t) = -t**2 + 9*t + 6. Let i be y(k). Suppose i*v - 2*v = 12. Calculate the highest common divisor of v and 27.
3
Let k = 2 + 0. Suppose -k*w + 7 = -5. Let g be (3/(-2))/(w/(-52)). Calculate the greatest common divisor of g and 39.
13
Suppose -5*s = 3*t + 253, 0 = -3*s + 5*t - 95 - 50. Let x = 0 - -5. Let k be ((-160)/s)/(2/x). What is the greatest common factor of k and 12?
4
Let g(d) = 2*d**2 + 3*d - 502. Let s be g(22). What is the greatest common divisor of 28 and s?
28
Let j(k) = -k**3 - 10*k**2 + 11*k - 6. Let m be j(-12). Calculate the highest common divisor of 60 and m.
30
Suppose -5*p + 4*p = 3*f + 388, -5 = 5*p. Let x be (-1)/(9/f) - (-12)/(-9). Calculate the greatest common factor of x and 13.
13
Suppose -4*a - 21*h + 26*h + 36 = 0, 0 = a - h - 9. Calculate the highest common factor of a and 873.
9
Let b be (-6)/24 + (-17)/(-4). Suppose 0*m = -b*m - 3*f + 197, 0 = m + 5*f - 45. What is the highest common divisor of 20 and m?
10
Suppose 10*a - 20 = 20. Let h = 8 + -5. Suppose 39 + 57 = a*x + h*j, -89 = -3*x + 2*j. Calculate the highest common divisor of x and 27.
27
Let k(o) = o**2 - 9*o + 12. Let r be k(8). Suppose -26 = t - r. Let h be (-1676)/t + (-16)/88. What is the highest common divisor of h and 19?
19
Let b(c) = -1 - 11 - 21*c + 3. Let s(d) = d. Let l be s(-6). Let x be b(l). Calculate the greatest common factor of 13 and x.
13
Let p be (-321)/(-5) + 1 + 18/(-15). Suppose -p = -8*j + 16. Suppose 62 = 5*l - 4*f - 55, 0 = 5*l + 3*f - 131. What is the greatest common factor of l and j?
5
Let v(a) be the second derivative of -a**5/5 - a**4/12 + a**2/2 + 4*a. Let i be v(-3). What is the greatest common factor of i and 25?
25
Let n = -369 + 408. What is the greatest common divisor of 273 and n?
39
Suppose -c - 2*b - 3*b - 31 = 0, -5*b - 49 = 4*c. Let x(w) = -w**3 - 4*w**2 + 11*w + 8. Let k be x(c). Calculate the highest common divisor of k and 7.
7
Suppose -3*q = -4*b - 8*q + 16, 8 = 2*b + 2*q. Let a be (-45)/(-1)*(-7)/((-84)/b). Calculate the greatest common factor of a and 75.
15
Suppose -n = l, l + n = 5*n. Suppose 8*c + l*c - 40 = 0. What is the greatest common divisor of 30 and c?
5
Suppose 13*j = 4*j + 63. Calculate the highest common factor of 42 and j.
7
Let w = -1937 - -1958. Calculate the highest common factor of w and 9.
3
Let l be (-3252)/(-54) - (-2)/(-9). Suppose 2*a + l = 5*a. Let u be ((20/(-1))/(-2))/((-3)/(-24)). What is the highest common factor of u and a?
20
Let y(c) = 0*c - 5*c**2 - 4*c + 2*c**2 - 6 - 2*c**3. Let a be y(-2). What is the greatest common divisor of a and 48?
6
Let u = 5 - 2. Suppose 0*d - u*b = -2*d + 68, 3*d = 4*b + 100. Calculate the highest common factor of 4 and d.
4
Let n be 8/12*141/2. What is the highest common divisor of n and 376?
47
Suppose -4*a - 14*m + 1610 = -12*m, 3*m + 785 = 2*a. What is the highest common factor of a and 16?
16
Let y(n) = -n**2 - 26*n + 84. Let k be y(-28). Calculate the highest common divisor of k and 8.
4
Suppose -i + 13 + 53 = 0. Let c = i - 44. What is the greatest common divisor of c and 66?
22
Suppose -g - g = -326. Suppose 4*j = g - 55. Let p(m) = 109*m**2 - m. Let s be p(1). Calculate the greatest common divisor of j and s.
27
Suppose 46*c - 12 = 43*c. Suppose -c*l = l - 5*q - 35, 3*q + 39 = 5*l. What is the highest common factor of 1 and l?
1
Let a(q) = 4*q**2 + 23*q - 27. Let d be a(-13). Calculate the greatest common factor of d and 10.
10
Suppose -12320 = -13*n + 24*n. Let f be (3/(-4))/(-4*(-7)/n). Calculate the greatest common divisor of f and 45.
15
Suppose -q = -2*q - 2. Let g be 3 + q + (20 - 3). Calculate the highest common divisor of g and 198.
18
Let g = 43 - -41. Let y be 9/(-2)*(-336)/432*6. Calculate the highest common factor of g and y.
21
Let q = -1596 - -1666. Calculate the highest common divisor of 91 and q.
7
Suppose 13*f - 16*f = -r + 110, 3*r + 5*f = 274. Let y = -17 - -31. Calculate the highest common divisor of r and y.
14
Let k be ((-540)/(-35) - 24/(-42))*6. What is the greatest common factor of k and 64?
32
Let u = -2784 - -2804. What is the greatest common factor of 950 and u?
10
Let z be 9*(-2)/6*-64. Suppose 4*j - z = -0*j. Calculate the greatest common factor of 6 and j.
6
Suppose -12*w + 19*w = 1155. Calculate the highest common divisor of w and 3.
3
Suppose 2280 = 23*g + 53*g. What is the highest common divisor of g and 90?
30
Suppose -8*t = 3 - 19. Suppose 0 = t*g - 5*g, -h = -2*g - 21. What is the greatest common divisor of h and 189?
21
Suppose -38*k + 828 = 144. Calculate the greatest common factor of 297 and k.
9
Let u be (-63)/4 - (-2)/(-8). Let r be (u/10)/((-12)/30). Let n = 28 + -16. What is the greatest common divisor of r and n?
4
Suppose 4*i - 4*f + 460 = 7*i, 2*i = 2*f + 330. Suppose -l = 3*l - i. Let d = 1 - -9. What is the greatest common divisor of l and d?
10
Let k = 2423 + -2072. What is the greatest common divisor of k and 26?
13
Let x(s) = -9*s - 2. Let m be x(5). Let r = -30 - m. What is the greatest common divisor of r and 187?
17
Let k = 17 + 19. Suppose -22 + k = y. What is the highest common factor of y and 154?
14
Let s(w) = -6*w**3 + 5*w**2 + 6*w - 1. Let n be s(-2). What is the highest common factor of n and 253?
11
Let u(z) = 25 + z**2 - 4 + 63*z - 69*z. Let a be u(11). What is the greatest common divisor of a and 114?
38
Let r = 92 + -94. Let z(o) = 3*o**2 - 3*o. L